{"id":227,"date":"2021-11-12T17:31:38","date_gmt":"2021-11-12T20:31:38","guid":{"rendered":"https:\/\/anaotani.com.br\/?page_id=227"},"modified":"2021-11-30T23:13:44","modified_gmt":"2021-12-01T02:13:44","slug":"semana-entre-4-paredes","status":"publish","type":"page","link":"https:\/\/anaotani.com.br\/index.php\/semana-entre-4-paredes\/","title":{"rendered":"Semana entre 4 paredes"},"content":{"rendered":"\t\t<div data-elementor-type=\"wp-page\" data-elementor-id=\"227\" class=\"elementor elementor-227\">\n\t\t\t\t\t\t<section class=\"elementor-section elementor-top-section elementor-element elementor-element-4641ab7 elementor-section-boxed elementor-section-height-default elementor-section-height-default\" data-id=\"4641ab7\" data-element_type=\"section\" data-settings=\"{&quot;background_background&quot;:&quot;classic&quot;,&quot;shape_divider_bottom&quot;:&quot;curve&quot;,&quot;shape_divider_bottom_negative&quot;:&quot;yes&quot;}\">\n\t\t\t\t\t<div class=\"elementor-shape elementor-shape-bottom\" data-negative=\"true\">\n\t\t\t<svg xmlns=\"http:\/\/www.w3.org\/2000\/svg\" viewBox=\"0 0 1000 100\" preserveAspectRatio=\"none\">\n\t<path class=\"elementor-shape-fill\" d=\"M500,97C126.7,96.3,0.8,19.8,0,0v100l1000,0V1C1000,19.4,873.3,97.8,500,97z\"\/>\n<\/svg>\t\t<\/div>\n\t\t\t\t\t<div class=\"elementor-container elementor-column-gap-default\">\n\t\t\t\t\t<div class=\"elementor-column elementor-col-50 elementor-top-column elementor-element elementor-element-52b9c76e\" data-id=\"52b9c76e\" data-element_type=\"column\">\n\t\t\t<div class=\"elementor-widget-wrap elementor-element-populated\">\n\t\t\t\t\t\t<div class=\"elementor-element elementor-element-7a7581c4 elementor-widget elementor-widget-image\" data-id=\"7a7581c4\" data-element_type=\"widget\" data-widget_type=\"image.default\">\n\t\t\t\t<div class=\"elementor-widget-container\">\n\t\t\t\t\t\t\t\t\t\t\t\t\t\t<a href=\"#formulario\">\n\t\t\t\t\t\t\t<img fetchpriority=\"high\" decoding=\"async\" width=\"750\" height=\"480\" src=\"https:\/\/anaotani.com.br\/wp-content\/uploads\/2021\/04\/Bo\u0302nus-1.2.png\" class=\"elementor-animation-bounce-in attachment-large size-large wp-image-15\" alt=\"\" srcset=\"https:\/\/anaotani.com.br\/wp-content\/uploads\/2021\/04\/Bo\u0302nus-1.2.png 960w, https:\/\/anaotani.com.br\/wp-content\/uploads\/2021\/04\/Bo\u0302nus-1.2-300x192.png 300w, https:\/\/anaotani.com.br\/wp-content\/uploads\/2021\/04\/Bo\u0302nus-1.2-768x492.png 768w\" sizes=\"(max-width: 750px) 100vw, 750px\" style=\"width:100%;height:64.06%;max-width:960px\" \/>\t\t\t\t\t\t\t\t<\/a>\n\t\t\t\t\t\t\t\t\t\t\t\t\t<\/div>\n\t\t\t\t<\/div>\n\t\t\t\t\t<\/div>\n\t\t<\/div>\n\t\t\t\t<div class=\"elementor-column elementor-col-50 elementor-top-column elementor-element elementor-element-c37a330\" data-id=\"c37a330\" data-element_type=\"column\">\n\t\t\t<div class=\"elementor-widget-wrap elementor-element-populated\">\n\t\t\t\t\t\t<div class=\"elementor-element elementor-element-3efbb558 elementor-widget elementor-widget-heading\" data-id=\"3efbb558\" data-element_type=\"widget\" data-widget_type=\"heading.default\">\n\t\t\t\t<div class=\"elementor-widget-container\">\n\t\t\t<p class=\"elementor-heading-title elementor-size-default\">Semana Entre 4 Paredes - 100% Online e Gratuito \n<\/p>\t\t<\/div>\n\t\t\t\t<\/div>\n\t\t\t\t<div class=\"elementor-element elementor-element-749e7f89 elementor-widget elementor-widget-heading\" data-id=\"749e7f89\" data-element_type=\"widget\" data-widget_type=\"heading.default\">\n\t\t\t\t<div class=\"elementor-widget-container\">\n\t\t\t<p class=\"elementor-heading-title elementor-size-default\">Nenhum Homem Ser\u00e1 Deixado Para Tr\u00e1s\n<\/p>\t\t<\/div>\n\t\t\t\t<\/div>\n\t\t\t\t<div class=\"elementor-element elementor-element-16bd72d1 elementor-widget elementor-widget-heading\" data-id=\"16bd72d1\" data-element_type=\"widget\" data-widget_type=\"heading.default\">\n\t\t\t\t<div class=\"elementor-widget-container\">\n\t\t\t<p class=\"elementor-heading-title elementor-size-default\">Ser\u00e1 revelado todo e qualquer segredo que uma mulher esconde dos homens, elas que me perdoem mais voc\u00eas merecem saber o que far\u00e1 com que elas nunca mais duvidem de voc\u00ea. \n<\/p>\t\t<\/div>\n\t\t\t\t<\/div>\n\t\t\t\t<div class=\"elementor-element elementor-element-744e2c3a elementor-mobile-align-center elementor-widget elementor-widget-button\" data-id=\"744e2c3a\" data-element_type=\"widget\" data-widget_type=\"button.default\">\n\t\t\t\t<div class=\"elementor-widget-container\">\n\t\t\t\t\t<div class=\"elementor-button-wrapper\">\n\t\t\t<a class=\"elementor-button elementor-button-link elementor-size-sm elementor-animation-grow\" href=\"#formulario\">\n\t\t\t\t\t\t<span class=\"elementor-button-content-wrapper\">\n\t\t\t\t\t\t<span class=\"elementor-button-icon elementor-align-icon-left\">\n\t\t\t\t<i aria-hidden=\"true\" class=\"fas fa-edit\"><\/i>\t\t\t<\/span>\n\t\t\t\t\t\t<span class=\"elementor-button-text\">quero me inscrever<\/span>\n\t\t<\/span>\n\t\t\t\t\t<\/a>\n\t\t<\/div>\n\t\t\t\t<\/div>\n\t\t\t\t<\/div>\n\t\t\t\t\t<\/div>\n\t\t<\/div>\n\t\t\t\t\t<\/div>\n\t\t<\/section>\n\t\t\t\t<section class=\"elementor-section elementor-top-section elementor-element elementor-element-51f1f69a elementor-section-boxed elementor-section-height-default elementor-section-height-default\" data-id=\"51f1f69a\" data-element_type=\"section\" data-settings=\"{&quot;background_background&quot;:&quot;classic&quot;}\">\n\t\t\t\t\t\t<div class=\"elementor-container elementor-column-gap-default\">\n\t\t\t\t\t<div class=\"elementor-column elementor-col-25 elementor-top-column elementor-element elementor-element-8bae9fc\" data-id=\"8bae9fc\" data-element_type=\"column\" data-settings=\"{&quot;background_background&quot;:&quot;classic&quot;}\">\n\t\t\t<div class=\"elementor-widget-wrap elementor-element-populated\">\n\t\t\t\t\t\t<div class=\"elementor-element elementor-element-16382df elementor-widget elementor-widget-heading\" data-id=\"16382df\" data-element_type=\"widget\" data-widget_type=\"heading.default\">\n\t\t\t\t<div class=\"elementor-widget-container\">\n\t\t\t<p class=\"elementor-heading-title elementor-size-default\">DIA 10\/12<\/p>\t\t<\/div>\n\t\t\t\t<\/div>\n\t\t\t\t<div class=\"elementor-element elementor-element-4ecabe58 elementor-widget elementor-widget-heading\" data-id=\"4ecabe58\" data-element_type=\"widget\" data-widget_type=\"heading.default\">\n\t\t\t\t<div class=\"elementor-widget-container\">\n\t\t\t<p class=\"elementor-heading-title elementor-size-default\">Mitos e Verdades sobre o que as Mulheres esperam na cama.<\/p>\t\t<\/div>\n\t\t\t\t<\/div>\n\t\t\t\t\t<\/div>\n\t\t<\/div>\n\t\t\t\t<div class=\"elementor-column elementor-col-25 elementor-top-column elementor-element elementor-element-49fb260e\" data-id=\"49fb260e\" data-element_type=\"column\" data-settings=\"{&quot;background_background&quot;:&quot;classic&quot;}\">\n\t\t\t<div class=\"elementor-widget-wrap elementor-element-populated\">\n\t\t\t\t\t\t<div class=\"elementor-element elementor-element-74c5a823 elementor-widget elementor-widget-heading\" data-id=\"74c5a823\" data-element_type=\"widget\" data-widget_type=\"heading.default\">\n\t\t\t\t<div class=\"elementor-widget-container\">\n\t\t\t<p class=\"elementor-heading-title elementor-size-default\">DIA 11\/12<\/p>\t\t<\/div>\n\t\t\t\t<\/div>\n\t\t\t\t<div class=\"elementor-element elementor-element-41b346cf elementor-widget elementor-widget-heading\" data-id=\"41b346cf\" data-element_type=\"widget\" data-widget_type=\"heading.default\">\n\t\t\t\t<div class=\"elementor-widget-container\">\n\t\t\t<p class=\"elementor-heading-title elementor-size-default\">Como melhorar o seu desempenho na cama<\/p>\t\t<\/div>\n\t\t\t\t<\/div>\n\t\t\t\t\t<\/div>\n\t\t<\/div>\n\t\t\t\t<div class=\"elementor-column elementor-col-25 elementor-top-column elementor-element elementor-element-328557ff\" data-id=\"328557ff\" data-element_type=\"column\" data-settings=\"{&quot;background_background&quot;:&quot;classic&quot;}\">\n\t\t\t<div class=\"elementor-widget-wrap elementor-element-populated\">\n\t\t\t\t\t\t<div class=\"elementor-element elementor-element-17ded1d3 elementor-widget elementor-widget-heading\" data-id=\"17ded1d3\" data-element_type=\"widget\" data-widget_type=\"heading.default\">\n\t\t\t\t<div class=\"elementor-widget-container\">\n\t\t\t<p class=\"elementor-heading-title elementor-size-default\">DIA 12\/12<\/p>\t\t<\/div>\n\t\t\t\t<\/div>\n\t\t\t\t<div class=\"elementor-element elementor-element-599fd843 elementor-widget elementor-widget-heading\" data-id=\"599fd843\" data-element_type=\"widget\" data-widget_type=\"heading.default\">\n\t\t\t\t<div class=\"elementor-widget-container\">\n\t\t\t<p class=\"elementor-heading-title elementor-size-default\">5 Passos para satisfazer la definitivamente.<\/p>\t\t<\/div>\n\t\t\t\t<\/div>\n\t\t\t\t\t<\/div>\n\t\t<\/div>\n\t\t\t\t<div class=\"elementor-column elementor-col-25 elementor-top-column elementor-element elementor-element-d66d7ba\" data-id=\"d66d7ba\" data-element_type=\"column\" data-settings=\"{&quot;background_background&quot;:&quot;classic&quot;}\">\n\t\t\t<div class=\"elementor-widget-wrap elementor-element-populated\">\n\t\t\t\t\t\t<div class=\"elementor-element elementor-element-0057664 elementor-widget elementor-widget-heading\" data-id=\"0057664\" data-element_type=\"widget\" data-widget_type=\"heading.default\">\n\t\t\t\t<div class=\"elementor-widget-container\">\n\t\t\t<p class=\"elementor-heading-title elementor-size-default\">DIA 13\/12<\/p>\t\t<\/div>\n\t\t\t\t<\/div>\n\t\t\t\t<div class=\"elementor-element elementor-element-8d59c6b elementor-widget elementor-widget-heading\" data-id=\"8d59c6b\" data-element_type=\"widget\" data-widget_type=\"heading.default\">\n\t\t\t\t<div class=\"elementor-widget-container\">\n\t\t\t<p class=\"elementor-heading-title elementor-size-default\">Como Se Tornar um Homem Bom de Cama<\/p>\t\t<\/div>\n\t\t\t\t<\/div>\n\t\t\t\t\t<\/div>\n\t\t<\/div>\n\t\t\t\t\t<\/div>\n\t\t<\/section>\n\t\t\t\t<section class=\"elementor-section elementor-top-section elementor-element elementor-element-38a1d6a7 elementor-section-boxed elementor-section-height-default elementor-section-height-default\" data-id=\"38a1d6a7\" data-element_type=\"section\" data-settings=\"{&quot;background_background&quot;:&quot;classic&quot;}\">\n\t\t\t\t\t\t<div class=\"elementor-container elementor-column-gap-default\">\n\t\t\t\t\t<div class=\"elementor-column elementor-col-100 elementor-top-column elementor-element elementor-element-4c614b64\" data-id=\"4c614b64\" data-element_type=\"column\" data-settings=\"{&quot;background_background&quot;:&quot;classic&quot;}\">\n\t\t\t<div class=\"elementor-widget-wrap elementor-element-populated\">\n\t\t\t\t\t\t<section class=\"elementor-section elementor-inner-section elementor-element elementor-element-2c06000f elementor-section-boxed elementor-section-height-default elementor-section-height-default\" data-id=\"2c06000f\" data-element_type=\"section\">\n\t\t\t\t\t\t<div class=\"elementor-container elementor-column-gap-default\">\n\t\t\t\t\t<div class=\"elementor-column elementor-col-50 elementor-inner-column elementor-element elementor-element-6e3b1860\" data-id=\"6e3b1860\" data-element_type=\"column\">\n\t\t\t<div class=\"elementor-widget-wrap elementor-element-populated\">\n\t\t\t\t\t\t<div class=\"elementor-element elementor-element-62660339 elementor-widget elementor-widget-image\" data-id=\"62660339\" data-element_type=\"widget\" data-widget_type=\"image.default\">\n\t\t\t\t<div class=\"elementor-widget-container\">\n\t\t\t\t\t\t\t\t\t\t\t\t\t<img decoding=\"async\" width=\"350\" height=\"350\" src=\"https:\/\/anaotani.com.br\/wp-content\/uploads\/2021\/04\/Japa1.png\" class=\"attachment-full size-full wp-image-127\" alt=\"\" srcset=\"https:\/\/anaotani.com.br\/wp-content\/uploads\/2021\/04\/Japa1.png 350w, https:\/\/anaotani.com.br\/wp-content\/uploads\/2021\/04\/Japa1-300x300.png 300w, https:\/\/anaotani.com.br\/wp-content\/uploads\/2021\/04\/Japa1-150x150.png 150w\" sizes=\"(max-width: 350px) 100vw, 350px\" style=\"width:100%;height:100%;max-width:350px\" \/>\t\t\t\t\t\t\t\t\t\t\t\t\t<\/div>\n\t\t\t\t<\/div>\n\t\t\t\t\t<\/div>\n\t\t<\/div>\n\t\t\t\t<div class=\"elementor-column elementor-col-50 elementor-inner-column elementor-element elementor-element-567e856c\" data-id=\"567e856c\" data-element_type=\"column\">\n\t\t\t<div class=\"elementor-widget-wrap elementor-element-populated\">\n\t\t\t\t\t\t<div class=\"elementor-element elementor-element-6ed0b5f6 elementor-widget elementor-widget-heading\" data-id=\"6ed0b5f6\" data-element_type=\"widget\" data-widget_type=\"heading.default\">\n\t\t\t\t<div class=\"elementor-widget-container\">\n\t\t\t<p class=\"elementor-heading-title elementor-size-default\">Ana Otani<\/p>\t\t<\/div>\n\t\t\t\t<\/div>\n\t\t\t\t<div class=\"elementor-element elementor-element-6b949c93 elementor-widget-divider--view-line elementor-widget elementor-widget-divider\" data-id=\"6b949c93\" data-element_type=\"widget\" data-widget_type=\"divider.default\">\n\t\t\t\t<div class=\"elementor-widget-container\">\n\t\t\t\t\t<div class=\"elementor-divider\">\n\t\t\t<span class=\"elementor-divider-separator\">\n\t\t\t\t\t\t<\/span>\n\t\t<\/div>\n\t\t\t\t<\/div>\n\t\t\t\t<\/div>\n\t\t\t\t<div class=\"elementor-element elementor-element-73fcf872 elementor-widget elementor-widget-heading\" data-id=\"73fcf872\" data-element_type=\"widget\" data-widget_type=\"heading.default\">\n\t\t\t\t<div class=\"elementor-widget-container\">\n\t\t\t<p class=\"elementor-heading-title elementor-size-default\">Ana Otani \u00e9 empres\u00e1ria, influenciador e especialista em sexualidade e relacionamentos, seus redes sociais contam com mais de 1 milh\u00e3o de seguidores. Conhecida com a mais influente e tem anos de experi\u00eancia em educa\u00e7\u00e3o sexual para homens. Saiu em grandes ve\u00edculos nacionais como Uol, Correio Braziliense e Folha de S\u00e3o Paulo. Com toda essa bagagem Ana resolveu criar a maior escola de relacionamentos e sexualidade do Brasil. Tamb\u00e9m detentora de um networking invej\u00e1vel com homens e mulheres do meio art\u00edstico e empresarial. Saiba que voc\u00ea vai ganhar muito aprendendo com ela.<\/p>\t\t<\/div>\n\t\t\t\t<\/div>\n\t\t\t\t\t<\/div>\n\t\t<\/div>\n\t\t\t\t\t<\/div>\n\t\t<\/section>\n\t\t\t\t\t<\/div>\n\t\t<\/div>\n\t\t\t\t\t<\/div>\n\t\t<\/section>\n\t\t\t\t<section class=\"elementor-section elementor-top-section elementor-element elementor-element-7c813f96 elementor-section-boxed elementor-section-height-default elementor-section-height-default\" data-id=\"7c813f96\" data-element_type=\"section\" data-settings=\"{&quot;background_background&quot;:&quot;classic&quot;}\">\n\t\t\t\t\t\t<div class=\"elementor-container elementor-column-gap-default\">\n\t\t\t\t\t<div class=\"elementor-column elementor-col-50 elementor-top-column elementor-element elementor-element-6f6f8833\" data-id=\"6f6f8833\" data-element_type=\"column\">\n\t\t\t<div class=\"elementor-widget-wrap elementor-element-populated\">\n\t\t\t\t\t\t<div class=\"elementor-element elementor-element-3f312af9 elementor-widget elementor-widget-heading\" data-id=\"3f312af9\" data-element_type=\"widget\" data-widget_type=\"heading.default\">\n\t\t\t\t<div class=\"elementor-widget-container\">\n\t\t\t<p class=\"elementor-heading-title elementor-size-default\">Nenhum Homem Ser\u00e1 Deixado Para Tr\u00e1s\n<\/p>\t\t<\/div>\n\t\t\t\t<\/div>\n\t\t\t\t<div class=\"elementor-element elementor-element-63c153ae elementor-widget-divider--view-line elementor-widget elementor-widget-divider\" data-id=\"63c153ae\" data-element_type=\"widget\" data-widget_type=\"divider.default\">\n\t\t\t\t<div class=\"elementor-widget-container\">\n\t\t\t\t\t<div class=\"elementor-divider\">\n\t\t\t<span class=\"elementor-divider-separator\">\n\t\t\t\t\t\t<\/span>\n\t\t<\/div>\n\t\t\t\t<\/div>\n\t\t\t\t<\/div>\n\t\t\t\t<div class=\"elementor-element elementor-element-f63a76b elementor-widget elementor-widget-heading\" data-id=\"f63a76b\" data-element_type=\"widget\" data-widget_type=\"heading.default\">\n\t\t\t\t<div class=\"elementor-widget-container\">\n\t\t\t<p class=\"elementor-heading-title elementor-size-default\"><i>Preencha o formul\u00e1rio com seus dados,<\/i> e se inscreva <b>agora mesmo<\/b>!<\/p>\t\t<\/div>\n\t\t\t\t<\/div>\n\t\t\t\t<div class=\"elementor-element elementor-element-6919c8b4 elementor-widget elementor-widget-html\" data-id=\"6919c8b4\" data-element_type=\"widget\" data-widget_type=\"html.default\">\n\t\t\t\t<div class=\"elementor-widget-container\">\n\t\t\t<style>\n.form-control, #name , #email\n{\n    border: none !important;\n    border-radius:200px !important;\n    width: 100%;\n    float: left;\n    margin-bottom: 10px !important;\n    padding: 18px 30px !important;\n    font-family: \"Montserrat\" !important;\n    font-size: 15px !important;\n    color: #132138 !important;\n    background: #f5f6f9 !important;\n    text-align: center;\n\n}\n\n\n.btn-danger\n{\n    width: 100%;\n    padding: 20px 15px !important;\n    background: #00c2bc !important;\n    text-transform: uppercase;\n    font-family: \"Montserrat\";\n    font-size: 18px;\n    font-weight: 400;\n    letter-spacing: .2em;\n    border-radius: 200px;\n    transition: .9s;\n    color:#fff;\n    margin-top: 0px !important;\n\n}\n.btn-danger:hover\n{\n    background: #00a7c1 !important;\n    transition: .9s;\n}\n::-webkit-input-placeholder { \/* WebKit browsers *\/\n color: #132138;\n font-family: 'Montserrat', Arial, sans-serif;\n font-weight: 400;\n letter-spacing: .2em;\n text-transform: uppercase;\n}\n\n\n\n:-moz-placeholder { \/* Mozilla Firefox 4 to 18 *\/\n color:#132138;\n font-family: 'Montserrat', Arial, sans-serif;\ntext-transform: uppercase;\n    font-weight: 400;\n    letter-spacing: .2em;\n}\n::-moz-placeholder { \/* Mozilla Firefox 19+ *\/\n color:#132138;\n font-weight: 400;\n text-transform: uppercase;\n font-family: 'Montserrat', Arial, sans-serif;\n letter-spacing: .2em;\n}\n:-ms-input-placeholder { \/* Internet Explorer 10+ *\/\n color:#132138;\n font-weight: 400;\n text-transform: uppercase;\n font-family: 'Montserrat', Arial, sans-serif;\n letter-spacing: .2em;\n}\n\n.wpcf7-mail-sent-ok\n{\n    border: 2px solid #55cd6c !important;\n    background: #55cd6c !important;\n    color: #fff !important;\n     font-family: 'Montserrat', Arial, sans-serif;\n     text-align: center;\n     font-weight: 400;\n     text-transform: uppercase;\n    font-size: 14px;\n}\n.wpcf7-validation-errors\n{\n    background: #ffcc00 !important;\n    border: 2px solid #ffcc00 !important;\n    color: #fff !important;\n     font-family: 'Montserrat', Arial, sans-serif;\n     text-align: center;\n     font-weight: 400;\n     text-transform: uppercase;\n    font-size: 14px;\n    padding: 12px 18px !important;\n}\n.wpcf7-not-valid-tip\n{\n    color: #db3238;\n    font-family: 'Montserrat', Arial, sans-serif;\n     text-align: center;\n     font-weight: 400;\n     font-size: 14px;\n}\n<\/style>\t\t<\/div>\n\t\t\t\t<\/div>\n\t\t\t\t\t<\/div>\n\t\t<\/div>\n\t\t\t\t<div class=\"elementor-column elementor-col-50 elementor-top-column elementor-element elementor-element-17668127\" data-id=\"17668127\" data-element_type=\"column\" id=\"formulario\" data-settings=\"{&quot;background_background&quot;:&quot;classic&quot;}\">\n\t\t\t<div class=\"elementor-widget-wrap elementor-element-populated\">\n\t\t\t\t\t\t<div class=\"elementor-element elementor-element-725d1b5f elementor-widget elementor-widget-html\" data-id=\"725d1b5f\" data-element_type=\"widget\" data-widget_type=\"html.default\">\n\t\t\t\t<div class=\"elementor-widget-container\">\n\t\t\t<!-- Formul\u00e1rio -->\n<style>body {background-color: transparent !important; } <\/style>\n   <form action=\"https:\/\/paginas.rocks\/pages\/index\/607924\" method=\"post\" >\n  <input id=\"id\" name=\"id\" type=\"hidden\" value=\"607924\" \/>\n  <input id=\"mid\" name=\"mid\" type=\"hidden\" value=\"607924\" \/>\n  <input id=\"pid\" name=\"pid\" type=\"hidden\" value=\"20242601\" \/>\n  <input id=\"list_id\" name=\"list_id\" type=\"hidden\" value=\"607924\" \/>\n  <input id=\"provider\" name=\"provider\" type=\"hidden\" value=\"leadlovers\" \/>\n   <input class=\"form-control form-ll\" id=\"name\" name=\"name\" placeholder=\"Nome\" type=\"text\"  \/>    \n   <input class=\"form-control form-ll\" id=\"email\" name=\"email\" placeholder=\"Email\" type=\"text\" \/>        \n   <button class=\"btn btn-danger\" style=\"padding: 10px 40px; margin:15px 0 5px; background-color: rgba(41, 107, 30, 1); border-color: rgba(41, 107, 30, 1) !important; \" type=\"submit\">SE INSCREVER AGORA<\/button>  \n   <input type=\"hidden\" id=\"source\" name=\"source\" value=\"\" \/>  \n   <img decoding=\"async\" src=\"https:\/\/llimages.com\/redirect\/redirect.aspx?A=V&p=20242601&m=607924\" style=\"display: none;\" \/>\n<\/form>\n\t\t<\/div>\n\t\t\t\t<\/div>\n\t\t\t\t\t<\/div>\n\t\t<\/div>\n\t\t\t\t\t<\/div>\n\t\t<\/section>\n\t\t\t\t<\/div>\n\t\t","protected":false},"excerpt":{"rendered":"<p>Semana Entre 4 Paredes &#8211; 100% Online e Gratuito Nenhum Homem Ser\u00e1 Deixado Para Tr\u00e1s Ser\u00e1 revelado todo e qualquer segredo que uma mulher esconde dos homens, elas que me perdoem mais voc\u00eas merecem saber o que far\u00e1 com que elas nunca mais duvidem de voc\u00ea. quero me inscrever DIA 10\/12 Mitos e Verdades sobre&hellip; <a class=\"more-link\" href=\"https:\/\/anaotani.com.br\/index.php\/semana-entre-4-paredes\/\">Continue reading <span class=\"screen-reader-text\">Semana entre 4 paredes<\/span><\/a><\/p>\n","protected":false},"author":1,"featured_media":0,"parent":0,"menu_order":0,"comment_status":"closed","ping_status":"closed","template":"elementor_canvas","meta":{"_monsterinsights_skip_tracking":false,"_monsterinsights_sitenote_active":false,"_monsterinsights_sitenote_note":"","_monsterinsights_sitenote_category":0,"footnotes":""},"class_list":["post-227","page","type-page","status-publish","hentry","entry"],"aioseo_notices":[],"_links":{"self":[{"href":"https:\/\/anaotani.com.br\/index.php\/wp-json\/wp\/v2\/pages\/227","targetHints":{"allow":["GET"]}}],"collection":[{"href":"https:\/\/anaotani.com.br\/index.php\/wp-json\/wp\/v2\/pages"}],"about":[{"href":"https:\/\/anaotani.com.br\/index.php\/wp-json\/wp\/v2\/types\/page"}],"author":[{"embeddable":true,"href":"https:\/\/anaotani.com.br\/index.php\/wp-json\/wp\/v2\/users\/1"}],"replies":[{"embeddable":true,"href":"https:\/\/anaotani.com.br\/index.php\/wp-json\/wp\/v2\/comments?post=227"}],"version-history":[{"count":28,"href":"https:\/\/anaotani.com.br\/index.php\/wp-json\/wp\/v2\/pages\/227\/revisions"}],"predecessor-version":[{"id":440,"href":"https:\/\/anaotani.com.br\/index.php\/wp-json\/wp\/v2\/pages\/227\/revisions\/440"}],"wp:attachment":[{"href":"https:\/\/anaotani.com.br\/index.php\/wp-json\/wp\/v2\/media?parent=227"}],"curies":[{"name":"wp","href":"https:\/\/api.w.org\/{rel}","templated":true}]}}